*t + 7. Is o(5) composite?
False
Let k be 1*-138*(-5 + 4 - -2). Let y = k - -485. Is y prime?
True
Suppose 2*p - 162 = -m, 4*p - 2 = 3*p. Is (m/4)/(2/76) a prime number?
False
Let n(m) = 3*m**3 + 116*m**2 + 34*m - 19. Is n(-28) composite?
True
Let x = 7875 + -3198. Is x a prime number?
False
Suppose 5*a - 2*l = 29, 13 = 3*a + 3*l - 2*l. Suppose a*m - 1651 = 854. Is m prime?
False
Let w(g) = 9*g**2 + 28*g + 123. Is w(-38) composite?
True
Let v = -20 - -22. Suppose 4*i - v*z = 10, 3*z = 5*i - 0*i - 13. Suppose 1581 = i*h - 925. Is h composite?
True
Suppose c + 5*t = 9, 4*c - 2*t - 3*t = 11. Suppose -2*s = -c*s - 24. Is (21/(-6) + 3)*s prime?
False
Suppose 0 = 3*t + 3*j - j - 7423, 5*t = -5*j + 12370. Let m(g) = -1324*g**3 + g**2 - 1. Let z be m(1). Let i = z + t. Is i a prime number?
True
Let j(l) = -2*l**3 - 8*l**2 + 2*l - 7. Let r be j(-6). Let m = -38 + r. Is (m/(-4))/(-3)*12 prime?
False
Let j(v) = v**2 + 2*v - 1. Let d be j(-3). Let n be (-3)/6 + 415/d. Let i = -58 + n. Is i prime?
True
Suppose -5*j + 17795 = -2*d, 0 = 4*j - 3*d - 8718 - 5511. Is j a composite number?
True
Suppose -4*h = 16, -4*d + h + 72469 = -d. Is d composite?
True
Suppose -5*a + 5312 = -5*x - 1823, 0 = -3*x - 12. Is a composite?
False
Let k(c) = -19*c + 2. Let t(y) = y**3 - 7*y**2 + 5*y + 1. Let m be t(6). Let r be k(m). Suppose -r = -p - 5*f, p + 0*f - 69 = 2*f. Is p a composite number?
True
Let j(b) = 32*b + 5. Let v(d) = -31*d - 4. Let m(q) = -5*j(q) - 6*v(q). Let l = -136 + 138. Is m(l) a prime number?
False
Suppose -4*a - a + 28345 = 0. Is a prime?
True
Let u = -21355 - -30552. Is u a composite number?
True
Let i(m) = 200*m**3 - 11*m**2 + 17*m + 2. Let a(q) = 100*q**3 - 5*q**2 + 8*q + 1. Let v(u) = -13*a(u) + 6*i(u). Is v(-2) composite?
True
Let u be 14/4*(-88)/2. Let y(n) = -234*n**2 - 2*n + 3. Let w be y(1). Let j = u - w. Is j a prime number?
True
Let r = -291 + 32929. Is r a composite number?
True
Let x = 2993 - -4569. Let a = x - 4959. Is a a composite number?
True
Let d = 180 + 269. Is d a prime number?
True
Let f be 35/1 + 12/(-3). Let b = 27 - f. Is 165 - b/(-6 - -4) a composite number?
False
Suppose 4*o + 15681 = 3*n, -9*n - 2*o + 15681 = -6*n. Is n a prime number?
True
Let i(c) be the first derivative of -c**3/3 - 5*c**2 - 10*c - 5. Let x be i(-7). Is (-2)/x - 3753/(-11) a prime number?
False
Suppose -16 - 23 = 2*d - 5*m, -3*d - 53 = -2*m. Let r(b) = 3*b**2 - 21*b - 5. Is r(d) a composite number?
True
Is (-10)/(-9) + 4143075/675 composite?
True
Let y(d) = 10*d**3 - 2*d**2 + 4*d - 3. Let v be y(1). Suppose v*m = 3*m + 6522. Is m composite?
False
Let a(i) = 69*i**2 - i - 2. Let d be a(-2). Let b be ((-7)/(-3))/((-4)/d). Let q = 274 + b. Is q prime?
True
Let n(a) = -41*a**2 - 5*a + 5. Let z be n(-5). Let p = 1058 - z. Is p a composite number?
False
Suppose -q + 0*q = -93. Let p = 878 - q. Suppose -f - 57 = -4*t - 342, 3*f = -2*t + p. Is f a prime number?
False
Suppose -x + 475 = 5*u - 0*u, -3*x + 3*u + 1461 = 0. Is x prime?
False
Is (-5184)/(-30) - 7 - 2/(-10) a composite number?
True
Suppose -2*j + 58 = -m, 4*m = -2*j + j + 47. Suppose -3*r + 602 + j = 0. Is r a prime number?
True
Let t = 6228 - 3895. Is t a composite number?
False
Suppose m - b = -0*b + 27, 89 = 3*m - 5*b. Let r = m + 228. Is r a prime number?
True
Is 40884/(-16)*4/(-3) a composite number?
False
Suppose -5*l - 54889 = -j, 4*j - 146026 = 5*l + 73470. Is j a prime number?
True
Let c = -26423 + -929. Let q = -18113 - c. Is q a composite number?
False
Suppose r - 7 = 5. Let m(n) = n - 7. Let k be m(r). Is 0/(2 - k) + 209 prime?
False
Let r = 6 - 301. Suppose t = -4*n - 142, -2*t - 5*n - 143 = -t. Let v = t - r. Is v prime?
True
Let x = -9 - -12. Suppose -4*v = -x*d - 2*v + 1239, -3*d = -v - 1236. Is d prime?
False
Let j = 13 + -13. Let u be -4*(-4)/32*j. Suppose u = -o - 13 + 876. Is o a prime number?
True
Suppose -124*n - 6008 = -132*n. Is n prime?
True
Let t = -1331 + 1972. Is t a composite number?
False
Let f = -4 + 0. Is (-2 - f) + (-5532)/(-4) prime?
False
Suppose 322*v + 2007 = 331*v. Is v a prime number?
True
Let x(w) = -62*w**3 + 8*w**2 + 15*w + 23. Is x(-6) a prime number?
True
Let b(a) = 2*a**3 - a**2 + 3*a + 3. Let t be b(-2). Let z = t + 25. Suppose -6*s = -z*s - 1524. Is s a prime number?
False
Let p(s) = -s**3 - 12*s**2 + 2*s + 25. Let c be p(-12). Let w(d) be the third derivative of 3*d**5/5 + d**4/12 - d**3/6 + 2*d**2. Is w(c) a composite number?
False
Suppose 98521 = 21*i + 20947. Is i prime?
False
Let u(z) = -z - 6. Let o be u(-6). Suppose o*q + 4 = q. Suppose 3*f = q*t + 99, 2*f - 3*t - t - 62 = 0. Is f composite?
False
Let d(t) = t**2 - 7*t + 8. Let p be d(6). Let q(s) = -1 - s**3 - 26*s + 3*s - 17*s**p + 7 - 27. Is q(-16) prime?
False
Suppose 0 = 5*z - 49565 + 3320. Is z a composite number?
True
Suppose 72 = 9*a - 8*a. Is 1 + 1134/a*32/6 a prime number?
False
Let s(a) = -a**2 + 15. Let o(x) = 10*x**2 + 22*x + 7. Let u(q) = -3*q**2 - 7*q - 2. Let g(t) = 2*o(t) + 7*u(t). Let h be g(-5). Is s(h) a composite number?
True
Suppose 5 = 5*q - 10. Suppose -53 + 218 = q*w. Is w a prime number?
False
Suppose -21 = 3*d - 51. Let b(g) = -4*g - 3 - d*g - 6*g. Is b(-5) a prime number?
True
Let c(g) = -7*g**2 + g. Let x be c(1). Let p = x - -6. Suppose -s + 6*s - j = 244, p = 4*s + j - 197. Is s prime?
False
Suppose -57377 = -3*w - 9*l + 11*l, 3*w = -5*l + 57391. Is w a prime number?
False
Let r = 155 - 80. Let c(t) = t**2 + 14*t + 5. Let v be c(-9). Let z = v + r. Is z a composite number?
True
Suppose 0 = 7*g - 3*g - 7372. Is g a composite number?
True
Let l(u) be the second derivative of u**3/2 - 3*u**2 + u. Let g be l(5). Is g/(-36) - 730/(-8) a prime number?
False
Let t(l) = 322*l - 14. Let g be t(13). Suppose -4*v - 1456 = -g. Let w = -308 + v. Is w composite?
True
Let w = -1716 + 2864. Let o = 3174 - w. Is o a composite number?
True
Is 1/16 - (-72677)/176 a prime number?
False
Suppose -u + 2 = 0, -y + 9 = 3*u - 0. Let i(n) = 4 - 2*n + 8 - 7*n + y*n**2 + 5*n. Is i(5) prime?
True
Let i be (-9)/(-3) - (5 - 2)*-1. Suppose 0 = i*h - 338 - 610. Is h a prime number?
False
Suppose 16570 = x + 5*d, 0 = -11*x + 10*x + 3*d + 16562. Is x a composite number?
True
Suppose 54*u = 247292 + 20710. Is u composite?
True
Suppose 0 = 7*j - 9*j. Suppose 5*f + 5*z = 1795, 0 = 4*f - 6*f + 3*z + 738. Suppose 3*u - 2*p - f = j, -5*u + 423 + 183 = -3*p. Is u composite?
True
Let r(z) = -34189*z + 49. Is r(-4) a prime number?
False
Let j = -40 - -85. Suppose 3*k + k = f - j, -k = -3*f + 113. Is f prime?
True
Suppose -3*b - b + 4 = 4*o, 0 = -b - 2*o - 3. Suppose 5*r + 5080 = 5*s, -s - 4064 = -b*s - 3*r. Suppose 0*w = -3*w + i + s, -3*w + 1006 = i. Is w composite?
False
Suppose 5*h - 2*k = 58, -3*h + 34 = 2*h + 4*k. Suppose t - 3*m - h + 3 = 0, -2*m = 3*t - 21. Is t a prime number?
True
Suppose a - i = -6, 0 = -2*a - 3*i - 4 - 3. Is a/(-2 + (-93)/(-47)) composite?
True
Let p(v) = -2*v**3 + 2*v**2 - 11*v - 124. Is p(-6) prime?
False
Let q = 1264 - 178. Is 6/(-4) + q/12 prime?
True
Let y be 6 - 6 - (-1066 - -1). Suppose -4*k = -y - 523. Is k composite?
False
Let u = -1 + 4. Suppose 560 = k + j, -u*j = 5*k - 6*j - 2840. Suppose 0 = -i + 6*i - k. Is i composite?
False
Let v(u) = -u**2 - 5*u + 4. Let q be v(-7). Let m(l) = -l**2 + l + 1. Let i be m(3). Is (i/q)/((-2)/(-1076)) a composite number?
False
Let w be 2/(-3) + 218/3. Let a = 118 - w. Let y = 51 + a. Is y a composite number?
False
Let s be 5/2*(-36)/(-10). Let d(a) = -a - 36*a - s*a - 4. Is d(-3) composite?
True
Let n = -92 - -26. Let a be (-2)/11 - 12/n. Suppose -4*k = -a*k - 2828. Is k a composite number?
True
Let o(c) = c**2 - 11*c + 21. Let a be o(9). Suppose 8*p = a*p + 1270. Is p a prime number?
False
Let s(v) = 287*v**3 + 2*v**2 - 2*v + 1. Let q be s(1). Let l be q/132 - 4/22. Suppose f - 9*g + 4*g = 1371, -l*f + 2714 = 4*g. Is f a composite number?
False
Let z(w) = -w**3 + w**2 - w. Let m(c) = 3*c**3 - 3*c**2 - 4*c + 4. Let i(b) = m(b) + z(b). Let f be 2/4*(0 + 70/5). Is i(f) prime?
True
Suppose -j = -37 + 41. Let m(t) = 0 + 13*t + 11 - 18*t. Is m(j) composite?
False
Let f = -20413 - -33354. Is f a composite number?
False
Let b(t) = 5370*t**3 + 3*t**2 - 3*t + 1. Is b(1) a composite number?
True
Suppose -18942 = -2*v - 5436. Suppose 0 = 13*p - 16*p